0/2?
11, 23
Suppose 2*o + 56 = -2*o. Suppose 0 = 7*y - 4*y - 3. Let a = y - o. What are the prime factors of a?
3, 5
Let l(a) = 2*a - 9. Let x(y) = -y**3 + 4*y**2 + 7*y - 4. Let j be x(5). Let p be l(j). Suppose p*u = u + 6. List the prime factors of u.
3
Let v(s) be the third derivative of s**5/30 - s**4/6 - s**3 - s**2. Let u be v(5). Let d = u + -12. What are the prime factors of d?
2, 3
Let h(s) = 115*s**3 - s**2 + 2*s - 1. List the prime factors of h(1).
5, 23
Suppose 0 = 4*p - 108 + 12. What are the prime factors of p?
2, 3
Let x(o) = -o**3 + 14*o**2 + 7*o + 12. List the prime factors of x(14).
2, 5, 11
Let d = -66 - -115. What are the prime factors of d?
7
Let t(i) = -i**3 + 6*i**2 - i - 1. List the prime factors of t(5).
19
Let a(t) = t**3 - 2*t**2 - 7*t + 5. Let d be a(4). Let w = d - 6. Suppose 0 = w*l + c - 15, -3*l - 3*c = -2*l - 5. List the prime factors of l.
5
Let i be (32/20)/((-6)/(-15)). Let b(x) = -x**3 + 3*x**2 + 4*x + 5. List the prime factors of b(i).
5
Let k(z) = 5*z**2 - 26*z - 18. List the prime factors of k(9).
3, 17
Suppose 0 = -4*f - 2*r + 486, -5*f - 5*r + 720 = 115. List the prime factors of f.
2, 61
Let k be 4/8*(-12)/1. Let f(a) = -a + 2. List the prime factors of f(k).
2
Suppose -12 = j - 3*l + 4, -2*j = 4*l + 2. Let w = j - -12. Suppose -1 + 0 = w*n - 4*g, 5*g = -n + 23. What are the prime factors of n?
3
Let s = 16 - -21. What are the prime factors of s?
37
Let q be (-3 + -2)*(-8 - -7). Suppose 5*x = 3*p + 84, 0*x - p = -q*x + 78. List the prime factors of x.
3, 5
Suppose -11 = 3*v - 5*y, 3*y + 0 = 2*v + 6. Let a(t) = 0 - t**3 - t - v + 6*t**2 + 9*t. What are the prime factors of a(7)?
2
Let t(i) = 2*i**3 - 2 + 6*i + 3*i - 4*i**2 - 5*i. Let g be t(2). Let b(o) = -o**2 + 8*o - 9. List the prime factors of b(g).
3
Suppose 0 = -w + 3 - 1. Suppose -6 = -j + w. What are the prime factors of j?
2
Let o(i) = -3*i + 2. Let f be -1 + (1 - 1) - 6. Let g be o(f). Suppose -4*z + 25 = -g. List the prime factors of z.
2, 3
Let k(p) = 33*p - 1. List the prime factors of k(2).
5, 13
Let h(i) = -50*i + 1. What are the prime factors of h(-1)?
3, 17
Let l be (2 + 46/4)*(-7 - -9). Suppose 0 = a - 4*a. Suppose a = -2*v - v + l. List the prime factors of v.
3
Let t(m) = -m**3 + 6*m**2 + 6*m + 10. Let f be t(7). Suppose -b = -f*b - 2*x + 54, 2*b - 30 = 4*x. What are the prime factors of b?
23
Suppose -4*o + 20 = -0. Suppose 0 = s - o*s + 108. List the prime factors of s.
3
Let n(m) = -3*m - 7. List the prime factors of n(-13).
2
Let b = 42 + -20. List the prime factors of b.
2, 11
List the prime factors of (-69 + 1)*(-21)/12.
7, 17
Suppose -2532 = -16*y + 4*y. What are the prime factors of y?
211
Suppose 0 = -23*m + 25*m - 68. List the prime factors of m.
2, 17
Let x = 21 + 13. List the prime factors of x.
2, 17
Let n = 40 - -46. List the prime factors of n.
2, 43
List the prime factors of 17/(-2)*14*-2 - -3.
241
Let r be (0 + 14)*(-2)/4. Suppose m = 4 - 2. What are the prime factors of (-3 - r)/(m/4)?
2
Suppose -o + 2*m + 57 = -m, -3*m = o - 51. List the prime factors of o.
2, 3
Let w(x) = 9*x - 19. List the prime factors of w(13).
2, 7
Let t = 19 + 27. Let k = -7 + t. List the prime factors of k.
3, 13
Let c(l) = 3*l**2 + 19*l - 8. What are the prime factors of c(-15)?
2, 191
Suppose -4*r + 13 = 5*a - 203, -3*a + 2*r + 134 = 0. What are the prime factors of a?
2, 11
Suppose -2*k + 4*n = 18, 5*n - 3 = 17. Let b be k*28/3*-3. Suppose 2*s = -3*r + r + b, 2*r + 50 = 4*s. List the prime factors of s.
13
Suppose 3*z - 9 = -0. List the prime factors of (-1)/z + (-39)/(-9).
2
Let x = -5 - -4. Let n(z) = -4*z**3 - 1. Let a be n(x). Suppose 0 = a*r - 0*r - 9. What are the prime factors of r?
3
Let z = 35 - 24. Suppose 2*g + 3 = z. Let x(p) = -p**2 + 5*p + 5. List the prime factors of x(g).
3
Let o(v) = -2*v**3 - 2*v**2 + 5. Let s(a) = -a - 1. Let m be s(2). What are the prime factors of o(m)?
41
Let m = 13 - 19. List the prime factors of (48/20)/(m/(-40)).
2
Suppose 4*v + v = 115. What are the prime factors of v?
23
Suppose 2*h + 3*h = -10. Let y be h/1 + 3*-1. Let b = y - -15. What are the prime factors of b?
2, 5
Let v(m) = 46*m**2 + 2*m - 1. List the prime factors of v(1).
47
Suppose 7*i + 51 - 429 = 0. What are the prime factors of i?
2, 3
Let d = -1 + 159. List the prime factors of d.
2, 79
Let u(v) = 4*v**2 + 2*v - 3*v**2 - 3*v - 6. What are the prime factors of u(5)?
2, 7
Suppose -170 = -c + 5*i, 0 = -2*c - c - i + 462. What are the prime factors of c?
5, 31
Suppose 6*c + 2*x = 4*c - 14, c - 3*x - 1 = 0. Let q = -3 - c. Suppose -1 - 9 = 5*g, q*t - 18 = 4*g. List the prime factors of t.
5
Let m(c) = c**2 + 7*c + 9. Let a be m(-6). Suppose a*y - 4*t - 18 = -t, -5*y + 4*t + 31 = 0. What are the prime factors of y?
7
Suppose 5*g = -0*g. Let w = -16 - -23. Suppose 0*q - 3*q + 4*t + w = g, -22 = -3*q + t. List the prime factors of q.
3
Let u be -15*(3 + -2 + 0). Let d = -22 - u. Let n = d - -17. List the prime factors of n.
2, 5
Let g = -38 + 44. Suppose -r - 3 = -4*j - 0*r, -2*j - 4*r + 6 = 0. Suppose -g + j = -p. What are the prime factors of p?
5
Suppose 3*t = -3*f + 150, 2*t = 3*f + 7*t - 146. List the prime factors of f.
2, 13
List the prime factors of (304/(-10))/(34/(-85)).
2, 19
Suppose 0 = -3*h + 656 + 61. What are the prime factors of h?
239
Suppose -35*r + 615 = -32*r. What are the prime factors of r?
5, 41
Let s(v) be the third derivative of v**5/30 - v**4/3 + v**3/2 - v**2. Suppose 3*m + 1 - 16 = 0. What are the prime factors of s(m)?
13
Suppose c + 2*c + 5*p + 25 = 0, 5*c - p = 5. What are the prime factors of 18*(4/6 + c)?
2, 3
Suppose j = -4*r - 2*j + 199, 4*r = 3*j + 217. What are the prime factors of r?
2, 13
Let x(t) = -8*t**3. Suppose -4*m + c - 2 = -7, 3*m + 3*c = -15. Suppose m = 3*w + w + 4. What are the prime factors of x(w)?
2
Suppose 118 = 3*v + 28. List the prime factors of v.
2, 3, 5
Let i(v) = -88*v**3 + 3*v**2 + 5*v + 1. What are the prime factors of i(-1)?
3, 29
Suppose -3*q + 34 = -v + 256, -2*q = 0. What are the prime factors of v?
2, 3, 37
Let u = -3 + -2. What are the prime factors of (-88)/u + 10/25?
2, 3
Let o(z) = z + 21. List the prime factors of o(-6).
3, 5
What are the prime factors of 3 + -5 + 290/2?
11, 13
Let h(z) = z**2 + 4*z + 203. What are the prime factors of h(0)?
7, 29
Let i(r) = r**3 + 6*r**2 - 5*r - 11. What are the prime factors of i(-5)?
3, 13
Suppose 3*q - 3*g - 22 - 35 = 0, -4*g - 8 = 0. List the prime factors of q.
17
Let g be (-4)/(14/(-6) - -2). Suppose -i + 1 = -g. What are the prime factors of i?
13
What are the prime factors of (-12 - -10)/((-5)/(1330/4))?
7, 19
Let j(y) = -y**2 + 12*y - 1. Let f be j(12). List the prime factors of (1 - (f + 0)) + 8.
2, 5
Let d(x) = -x**2 - 26*x - 9. What are the prime factors of d(-18)?
3, 5
Suppose -4*w + w = 12. Let a = 4 + w. Suppose -o = -a*o - 2. List the prime factors of o.
2
Let t = 19 - 17. Suppose -6*f + 2*f - 21 = 5*w, 3*w - 5*f = -20. List the prime factors of w*(t + (0 - 3)).
5
Let q be (48/(-60))/((-2)/(-45)). Let r = q + 22. What are the prime factors of r?
2
Suppose 5*j - 1 = 9. Suppose -2*v + 8 = j. What are the prime factors of v?
3
Suppose -286 + 1000 = 7*i. List the prime factors of i.
2, 3, 17
Suppose -t - 6 = -50. What are the prime factors of t?
2, 11
Let y(x) = -5*x + 11*x**2 - 10*x**2 + 2 - x**3 + 6*x**2 - 4. What are the prime factors of y(5)?
23
Let j = 8 + -1. Let i be (17/(-2) + 2)*-2. Let w = i - j. What are the prime factors of w?
2, 3
Let u(p) = -p**3 + 9*p**2 + 7*p - 8. List the prime factors of u(9).
5, 11
Let p(d) = -2*d**3 + d**2 + 2. List the prime factors of p(-2).
2, 11
Suppose 2*s = 10, 2*h + 3*s - 162 = 81. Suppose -v + h = 2*v. Suppose -3*m - v = -5*m. List the prime factors of m.
19
Suppose 3*y = -2*m + 46, -5*m - 3*y = -36 - 61. List the prime factors of m.
17
Suppose -f - 3*n = -17 + 2, 95 = 5*f - 5*n. What are the prime factors of f?
2, 3
Let h(v) = -v**2 - 3*v + 4. Let l be h(-7). Let s be (-2)/8 + (-462)/l. List the prime factors of (2 - (3 + 2)) + s.
2
Suppose 241 = 5*y - 2*k, -4*y + 0*k + 186 = -5*k. List the prime factors of y.
7
Suppose 4*o - 3*z - 677 = 0, 2*z = -4*o - 2*z + 712. What are the prime factors of o?
173
Let k(r) = r**3 + 3*r**2 + 2*r + 2. Let j be k(-2). Suppose -j*f + 22 = 